{"id":19,"date":"2026-01-09T13:06:54","date_gmt":"2026-01-09T13:06:54","guid":{"rendered":"http:\/\/milae-massage.fr\/?page_id=19"},"modified":"2026-03-11T11:53:10","modified_gmt":"2026-03-11T09:53:10","slug":"accueil","status":"publish","type":"page","link":"https:\/\/milae-massage.fr\/","title":{"rendered":"Accueil"},"content":{"rendered":"\n<div class=\"wp-block-cover alignfull has-custom-content-position is-position-bottom-center\" style=\"margin-top:0;margin-bottom:0;padding-top:var(--wp--preset--spacing--50);padding-right:var(--wp--preset--spacing--50);padding-bottom:var(--wp--preset--spacing--50);padding-left:var(--wp--preset--spacing--50);min-height:400px;aspect-ratio:unset;\"><img loading=\"lazy\" decoding=\"async\" width=\"1024\" height=\"683\" class=\"wp-block-cover__image-background wp-image-63 size-large\" alt=\"Massage \u00e0 domicile\" src=\"https:\/\/milae-massage.fr\/wp-content\/uploads\/2026\/01\/Page-accueil_3-1024x683.jpg\" style=\"object-position:58% 54%\" data-object-fit=\"cover\" data-object-position=\"58% 54%\" srcset=\"https:\/\/milae-massage.fr\/wp-content\/uploads\/2026\/01\/Page-accueil_3-1024x683.jpg 1024w, https:\/\/milae-massage.fr\/wp-content\/uploads\/2026\/01\/Page-accueil_3-300x200.jpg 300w, https:\/\/milae-massage.fr\/wp-content\/uploads\/2026\/01\/Page-accueil_3-768x512.jpg 768w, https:\/\/milae-massage.fr\/wp-content\/uploads\/2026\/01\/Page-accueil_3-1536x1024.jpg 1536w, https:\/\/milae-massage.fr\/wp-content\/uploads\/2026\/01\/Page-accueil_3-2048x1365.jpg 2048w\" sizes=\"auto, (max-width: 1024px) 100vw, 1024px\" \/><span aria-hidden=\"true\" class=\"wp-block-cover__background has-background-dim-10 has-background-dim\"><\/span><div class=\"wp-block-cover__inner-container is-layout-constrained wp-container-core-cover-is-layout-d5b7f277 wp-block-cover-is-layout-constrained\">\n<div class=\"wp-block-group alignwide is-content-justification-left is-layout-constrained wp-container-core-group-is-layout-12dd3699 wp-block-group-is-layout-constrained\">\n<h2 class=\"wp-block-heading has-text-align-left has-ast-global-color-4-color has-text-color has-link-color has-xx-large-font-size wp-elements-dd3fe93bd488ce1a318d4afb9cb1bfd3\">Milae Massage<\/h2>\n\n\n\n<h3 class=\"wp-block-heading has-ast-global-color-4-color has-text-color has-link-color wp-elements-03791037a14184a6e1e86f0f52139e6b\">Massage \u00e0 domicile sur La Roche sur Yon et alentours<\/h3>\n<\/div>\n<\/div><\/div>\n\n\n\n<div class=\"wp-block-group alignfull is-style-section-5 is-layout-constrained wp-block-group-is-layout-constrained\" style=\"margin-top:0;margin-bottom:0;padding-top:var(--wp--preset--spacing--50);padding-bottom:var(--wp--preset--spacing--50)\">\n<div class=\"wp-block-columns alignwide is-layout-flex wp-container-core-columns-is-layout-7ee84d44 wp-block-columns-is-layout-flex\">\n<div class=\"wp-block-column is-vertically-aligned-center is-layout-flow wp-block-column-is-layout-flow\" style=\"flex-basis:100%\">\n<h2 class=\"wp-block-heading\">Envie d&rsquo;un moment de d\u00e9tente et de relaxation ? <\/h2>\n\n\n\n<p class=\"has-medium-font-size\">Offrez-vous un moment de profonde d\u00e9tente gr\u00e2ce au massage \u00e0 l\u2019huile sur table, une parenth\u00e8se de bien-\u00eatre d\u00e9di\u00e9e au rel\u00e2chement du corps et de l\u2019esprit. Pratiqu\u00e9 dans un cadre familier, ce massage est guid\u00e9 par la bienveillance, l\u2019\u00e9coute et le respect, dans une atmosph\u00e8re sans jugement. Chaque s\u00e9ance est une invitation \u00e0 vous reconnecter \u00e0 vos sensations, en toute confiance et en parfaite harmonie avec vos besoins.<\/p>\n<\/div>\n<\/div>\n<\/div>\n\n\n\n<div class=\"wp-block-group alignfull is-content-justification-center is-layout-constrained wp-container-core-group-is-layout-b05f6d1d wp-block-group-is-layout-constrained\" style=\"margin-top:0;margin-bottom:0;padding-top:var(--wp--preset--spacing--50);padding-right:0;padding-bottom:var(--wp--preset--spacing--50);padding-left:0\">\n<h2 class=\"wp-block-heading alignwide has-text-align-left has-large-font-size\" style=\"margin-top:var(--wp--preset--spacing--20);margin-right:0;margin-bottom:var(--wp--preset--spacing--20);margin-left:0;padding-top:var(--wp--preset--spacing--20);padding-right:var(--wp--preset--spacing--60);padding-bottom:var(--wp--preset--spacing--20);padding-left:var(--wp--preset--spacing--60)\">Les bienfaits du massage bien \u00eatre<\/h2>\n\n\n\n<div class=\"wp-block-columns is-layout-flex wp-container-core-columns-is-layout-28f84493 wp-block-columns-is-layout-flex\">\n<div class=\"wp-block-column is-vertically-aligned-center is-layout-flow wp-container-core-column-is-layout-8a368f38 wp-block-column-is-layout-flow\" style=\"border-top-left-radius:0px;border-top-right-radius:0px;border-bottom-left-radius:0px;border-bottom-right-radius:0px\">\n<figure class=\"wp-block-image alignfull size-full has-custom-border is-style-default\" style=\"margin-top:0;margin-right:var(--wp--preset--spacing--60);margin-bottom:0;margin-left:var(--wp--preset--spacing--60)\"><img loading=\"lazy\" decoding=\"async\" width=\"1920\" height=\"1154\" src=\"https:\/\/milae-massage.fr\/wp-content\/uploads\/2026\/02\/Main.jpg\" alt=\"Massage d\u00e9tente\" class=\"wp-image-239\" style=\"border-top-left-radius:54px;border-top-right-radius:54px;border-bottom-left-radius:54px;border-bottom-right-radius:54px\" srcset=\"https:\/\/milae-massage.fr\/wp-content\/uploads\/2026\/02\/Main.jpg 1920w, https:\/\/milae-massage.fr\/wp-content\/uploads\/2026\/02\/Main-300x180.jpg 300w, https:\/\/milae-massage.fr\/wp-content\/uploads\/2026\/02\/Main-1024x615.jpg 1024w, https:\/\/milae-massage.fr\/wp-content\/uploads\/2026\/02\/Main-768x462.jpg 768w, https:\/\/milae-massage.fr\/wp-content\/uploads\/2026\/02\/Main-1536x923.jpg 1536w\" sizes=\"auto, (max-width: 1920px) 100vw, 1920px\" \/><\/figure>\n<\/div>\n\n\n\n<div class=\"wp-block-column is-vertically-aligned-center is-layout-flow wp-container-core-column-is-layout-8afa419e wp-block-column-is-layout-flow\" style=\"padding-right:var(--wp--preset--spacing--60);padding-left:var(--wp--preset--spacing--60)\">\n<ul class=\"wp-block-list\">\n<li class=\"has-contrast-color has-text-color has-link-color has-medium-font-size wp-elements-2490fb2cf97a95bd22ac992e15d993ea\">Lutter contre le stress<\/li>\n\n\n\n<li class=\"has-contrast-color has-text-color has-link-color has-medium-font-size wp-elements-cd294504ec60126f12fbddc1502232ea\">Favoriser le sommeil<\/li>\n\n\n\n<li class=\"has-contrast-color has-text-color has-link-color has-medium-font-size wp-elements-1543173691112c7c1b201d849b5ab709\">R\u00e9duire les tensions<\/li>\n\n\n\n<li class=\"has-contrast-color has-text-color has-link-color has-medium-font-size wp-elements-93b1e2faea28c6a9d45a0884bad61ab2\">Lib\u00e9rer les \u00e9nergies<\/li>\n\n\n\n<li class=\"has-contrast-color has-text-color has-link-color has-medium-font-size wp-elements-222d5df33d80fa38a251673bace22016\">Apporter de la d\u00e9tente, de la relaxation<\/li>\n\n\n\n<li class=\"has-contrast-color has-text-color has-link-color has-medium-font-size wp-elements-c2e07620caa7594bd6c3b7b2363d8b2e\">Profiter du moment pr\u00e9sent<\/li>\n<\/ul>\n<\/div>\n<\/div>\n<\/div>\n\n\n\n<div class=\"wp-block-group alignwide is-layout-constrained wp-block-group-is-layout-constrained\">\n<h2 class=\"wp-block-heading alignwide has-text-align-right has-large-font-size\">Comment se d\u00e9roule une s\u00e9ance<\/h2>\n\n\n\n<p class=\"has-text-align-right has-contrast-color has-text-color has-link-color has-medium-font-size wp-elements-e56ab6dc116d07b8c15dc28904a3f0c1\">\u00c0 mon arriv\u00e9e \u00e0 votre domicile, la s\u00e9ance commence par l\u2019installation du mat\u00e9riel, suivie d\u2019un temps d\u2019\u00e9change pour d\u00e9finir vos besoins et vos attentes. Le massage est ensuite r\u00e9alis\u00e9 \u00e0 l\u2019huile, sur table, pour la dur\u00e9e choisie, dans une atmosph\u00e8re apaisante. En fin de s\u00e9ance, le mat\u00e9riel est d\u00e9sinstall\u00e9 avec soin, en toute discr\u00e9tion.<\/p>\n\n\n\n<p class=\"has-text-align-right has-contrast-color has-text-color has-link-color has-medium-font-size wp-elements-b78a46f9458953f4e97f030207f7113b\">La dur\u00e9e du massage correspond au temps effectif de pratique, \u00e0 partir du moment o\u00f9 je pose mes mains sur vous. Il est donc \u00e0 pr\u00e9voir <strong>45 minutes suppl\u00e9mentaires<\/strong> en plus de la dur\u00e9e du massage pour le d\u00e9roulement complet de la s\u00e9ance.<\/p>\n\n\n\n<p class=\"has-text-align-right has-contrast-color has-text-color has-link-color has-medium-font-size wp-elements-28879b99dd3e420ccedef1b649ee9e09\">Pour votre confort, il est important de chauffer la pi\u00e8ce o\u00f9 vous souhaitez \u00eatre mass\u00e9 \u00e0 23 degr\u00e9s minimum.<\/p>\n\n\n\n<p class=\"has-text-align-right has-medium-font-size\">Je vous invite \u00e0 d\u00e9couvrir l\u2019ensemble des massages propos\u00e9s dans l\u2019onglet <a href=\"https:\/\/milae-massage.fr\/index.php\/prestations-tarifs\/\" data-type=\"page\" data-id=\"47\">Prestations\/Tarifs<\/a>.<\/p>\n<\/div>\n","protected":false},"excerpt":{"rendered":"<p>Envie d&rsquo;un moment de d\u00e9tente et de relaxation ? Offrez-vous un moment de profonde d\u00e9tente gr\u00e2ce au massage \u00e0 l\u2019huile [&hellip;]<\/p>\n","protected":false},"author":1,"featured_media":0,"parent":0,"menu_order":0,"comment_status":"closed","ping_status":"closed","template":"","meta":{"site-sidebar-layout":"default","site-content-layout":"","ast-site-content-layout":"default","site-content-style":"default","site-sidebar-style":"default","ast-global-header-display":"","ast-banner-title-visibility":"","ast-main-header-display":"","ast-hfb-above-header-display":"","ast-hfb-below-header-display":"","ast-hfb-mobile-header-display":"","site-post-title":"disabled","ast-breadcrumbs-content":"","ast-featured-img":"","footer-sml-layout":"","ast-disable-related-posts":"","theme-transparent-header-meta":"","adv-header-id-meta":"","stick-header-meta":"","header-above-stick-meta":"","header-main-stick-meta":"","header-below-stick-meta":"","astra-migrate-meta-layouts":"default","ast-page-background-enabled":"default","ast-page-background-meta":{"desktop":{"background-color":"var(--ast-global-color-5)","background-image":"","background-repeat":"repeat","background-position":"center center","background-size":"auto","background-attachment":"scroll","background-type":"","background-media":"","overlay-type":"","overlay-color":"","overlay-opacity":"","overlay-gradient":""},"tablet":{"background-color":"","background-image":"","background-repeat":"repeat","background-position":"center center","background-size":"auto","background-attachment":"scroll","background-type":"","background-media":"","overlay-type":"","overlay-color":"","overlay-opacity":"","overlay-gradient":""},"mobile":{"background-color":"","background-image":"","background-repeat":"repeat","background-position":"center center","background-size":"auto","background-attachment":"scroll","background-type":"","background-media":"","overlay-type":"","overlay-color":"","overlay-opacity":"","overlay-gradient":""}},"ast-content-background-meta":{"desktop":{"background-color":"var(--ast-global-color-4)","background-image":"","background-repeat":"repeat","background-position":"center center","background-size":"auto","background-attachment":"scroll","background-type":"","background-media":"","overlay-type":"","overlay-color":"","overlay-opacity":"","overlay-gradient":""},"tablet":{"background-color":"var(--ast-global-color-4)","background-image":"","background-repeat":"repeat","background-position":"center center","background-size":"auto","background-attachment":"scroll","background-type":"","background-media":"","overlay-type":"","overlay-color":"","overlay-opacity":"","overlay-gradient":""},"mobile":{"background-color":"var(--ast-global-color-4)","background-image":"","background-repeat":"repeat","background-position":"center center","background-size":"auto","background-attachment":"scroll","background-type":"","background-media":"","overlay-type":"","overlay-color":"","overlay-opacity":"","overlay-gradient":""}},"_themeisle_gutenberg_block_has_review":false,"footnotes":""},"class_list":["post-19","page","type-page","status-publish","hentry"],"_links":{"self":[{"href":"https:\/\/milae-massage.fr\/index.php\/wp-json\/wp\/v2\/pages\/19","targetHints":{"allow":["GET"]}}],"collection":[{"href":"https:\/\/milae-massage.fr\/index.php\/wp-json\/wp\/v2\/pages"}],"about":[{"href":"https:\/\/milae-massage.fr\/index.php\/wp-json\/wp\/v2\/types\/page"}],"author":[{"embeddable":true,"href":"https:\/\/milae-massage.fr\/index.php\/wp-json\/wp\/v2\/users\/1"}],"replies":[{"embeddable":true,"href":"https:\/\/milae-massage.fr\/index.php\/wp-json\/wp\/v2\/comments?post=19"}],"version-history":[{"count":58,"href":"https:\/\/milae-massage.fr\/index.php\/wp-json\/wp\/v2\/pages\/19\/revisions"}],"predecessor-version":[{"id":281,"href":"https:\/\/milae-massage.fr\/index.php\/wp-json\/wp\/v2\/pages\/19\/revisions\/281"}],"wp:attachment":[{"href":"https:\/\/milae-massage.fr\/index.php\/wp-json\/wp\/v2\/media?parent=19"}],"curies":[{"name":"wp","href":"https:\/\/api.w.org\/{rel}","templated":true}]}}